6.
17
Suppose 784 = 10*z - 656. What is the highest common factor of z and 36?
36
Let c be 10/25 - (-69)/15. Calculate the greatest common divisor of c and 15.
5
Let c(s) = s**3 - 8*s**2 + 2*s - 12. Let t be c(8). Suppose -t*u + 851 = -529. Suppose -95 - u = -5*z. Calculate the highest common divisor of 8 and z.
8
Suppose -17*k - 348 = -75*k. Let c be (-2)/3 + 384/9. What is the greatest common factor of c and k?
6
Suppose 62*d = 47*d + 300. Calculate the highest common divisor of 80 and d.
20
Let l = 559 + -370. What is the greatest common factor of l and 126?
63
Let n = -68 - -28. Let f be (-4)/n*2 - 298/(-10). Let c be (-20)/(-4) + 0 + 1. What is the greatest common divisor of c and f?
6
Let d(n) = 14*n**2 - 129*n - 24. Let b be d(10). What is the highest common divisor of 387 and b?
43
Let s(q) = q**2 - 9*q - 46. Let c be s(14). What is the greatest common factor of c and 12?
12
Suppose 15 = 5*w - 2*q + 3, -2*w + 4*q - 8 = 0. Suppose -w*g + 466 = 26. What is the greatest common factor of g and 22?
22
Let m(j) = 44*j**3 + j**2 - j. Let q be 33/(-22)*4/(-6). Let u be m(q). Suppose -3*x + 143 = u. What is the greatest common divisor of 22 and x?
11
Let p = -49 - -61. Suppose f = 5*f - o - 20, 0 = 2*f - o - p. What is the greatest common divisor of 5 and f?
1
Suppose -4*k - 4*n + 8 = 0, 0*k = 2*k - 4*n - 28. Let l(y) = 1 - k + 3*y**3 + 0*y**3 - 4*y. Let i be l(4). Calculate the greatest common divisor of i and 19.
19
Let f be 1628/34 + (-26)/(-221). Suppose 48*t - 52*t + 12 = 0. What is the greatest common divisor of f and t?
3
Let t(y) = y**2 - 7*y - 5. Let o be t(-4). Let q be 6510/273 - 2/o*-3. What is the highest common divisor of 156 and q?
12
Let s be 2 + 3 - (7 + -5). Suppose 569 = s*q + 65. Let j(b) = -20*b + 1. Let m be j(-1). Calculate the greatest common factor of q and m.
21
Let j = 397 - 117. Suppose -6*r + j = -r. What is the greatest common divisor of 7 and r?
7
Let z = 5758 - 5757. Suppose 1 = 3*x - 2. What is the highest common factor of z and x?
1
Let z(x) = x**2 + 58*x - 328. Let r be z(-64). What is the highest common divisor of r and 1456?
56
Suppose 2*y + 0 = 4. Let m be 16/32 - 1/y*-209. What is the greatest common factor of 42 and m?
21
Suppose 352 = y + 100. Calculate the greatest common divisor of y and 63.
63
Let o = 191 - -936. Calculate the highest common divisor of o and 49.
49
Let z = 100 + 55. Suppose 687 = 5*d + 3*c, -d - 6*c = -c - z. Let r = 136 - 82. Calculate the greatest common divisor of r and d.
27
Let z(n) = -n**3 - 16*n**2 - 17*n - 16. Let f be z(-11). Let b be f/(-9) + 2/(-9). What is the highest common factor of b and 6?
6
Let o = 54 - -38. Calculate the highest common divisor of 115 and o.
23
Let h(k) = k**2 - 8*k + 10. Let p be h(6). Let q be ((p - 2) + 2)*-44. Calculate the highest common factor of 8 and q.
8
Let j be (-72)/16*2/3. Let v be (4 + -6 - j) + 11. What is the greatest common factor of 36 and v?
12
Let u be (4/12)/((-2)/(-12)). Suppose -u*y = 4 - 30. Let a = 160 - 69. What is the greatest common factor of a and y?
13
Suppose 583 = 4*j - 1. Calculate the greatest common factor of 219 and j.
73
Let q be (-12)/(-18) - 8/(-6). Let o(k) = 0*k**2 + 2*k**2 + 2*k**2 - 2*k**q - k**3 + k. Let z be o(2). What is the highest common divisor of 2 and z?
2
Let x = 62 + -34. Suppose 5*s = 99 - 64. What is the greatest common divisor of x and s?
7
Let z be (-15)/(-25) - ((-102)/5 + 0). What is the greatest common factor of z and 14?
7
Suppose -4*v + 17918 = 27*v. What is the greatest common divisor of v and 68?
34
Let x(a) = 4*a + 30. Let n be x(5). Suppose 0 = y - g - n, -6 = 4*g + 14. What is the highest common divisor of 75 and y?
15
Let q be -8 - ((-12 - 676) + 10). What is the greatest common divisor of q and 20?
10
Suppose -6*d - 1596 = -20*d. Calculate the greatest common factor of d and 76.
38
Suppose -2*m + 8 = 8*d - 7*d, -5*m + 3*d + 31 = 0. Suppose -m*o + 108 = -42. What is the greatest common factor of o and 10?
10
Suppose r = -132 + 140. Calculate the greatest common factor of r and 1448.
8
Let x(g) = -5*g**2 - 8*g + 938. Let o be x(-14). Let k = 15 + -24. Let j be -1 - (k - (-1)/1). Calculate the highest common factor of o and j.
7
Suppose -105 = -38*w + 33*w. Calculate the greatest common divisor of w and 15.
3
Suppose -3*a + 9 = 0, -4*a = -3*u - 93 + 366. Let f = 6 + -3. Suppose 3*m + f = 117. Calculate the greatest common factor of m and u.
19
Let r(l) be the second derivative of -l**4/12 + 3*l**3 - 17*l**2 - l - 4. Let y be r(14). What is the greatest common divisor of 286 and y?
22
Let r(k) = -75*k - 200. Let g be r(-13). What is the greatest common divisor of 31 and g?
31
Let u = 1290 + -1254. What is the highest common divisor of 342 and u?
18
Suppose -2*y + 3*r = -31, -5*y + 52 + 20 = -2*r. What is the greatest common divisor of 2366 and y?
14
Let q(k) = 3*k**3 - k**2 - k - 2. Let x(i) = -i**3 - 3*i**2 + 2*i - 6. Let n be x(-4). Let p be q(n). Calculate the greatest common divisor of 2 and p.
2
Suppose -4*l + 3*w = -171, 67 - 47 = -4*w. What is the greatest common divisor of 1443 and l?
39
Let q be (-15)/(-6) - (-6)/4. Suppose -2*x - f = -24, q*x - 15 = 5*f + 33. Calculate the greatest common divisor of x and 12.
12
Let n = -104 - -103. Let o be (-25)/(-5) + (111 - n). What is the greatest common factor of o and 9?
9
Let j(q) = -21*q + 129. Let t be j(5). Calculate the greatest common factor of 66 and t.
6
Let o(h) = 7*h**3 + 92*h**2 + 9*h + 14. Let j be o(-13). Calculate the greatest common factor of j and 22.
22
Suppose 0 = -4*n + 4*m + 60, 10 + 55 = 4*n + m. Suppose -4*y + 576 = -y + y. Calculate the highest common divisor of y and n.
16
Suppose -5*q + q = 4*i - 756, q = -5*i + 945. Suppose 9 = -w + 30. Calculate the highest common divisor of w and i.
21
Suppose -22 = -4*m + 2*h - 0, -3*m - 3*h = 6. Suppose -m*d - 5*s = -s - 8, 5*s + 17 = 3*d. Let l = 12 - d. What is the greatest common factor of 64 and l?
8
Suppose 5*f + 4 = 29. Suppose -2*o = -f*r - 154 - 129, r = -4*o + 621. Let c = 427 + -413. Calculate the greatest common factor of o and c.
14
Suppose -5*i - 357 = -22*i. What is the greatest common divisor of i and 189?
21
Suppose 0*s - 2*s + 2*i = -330, -494 = -3*s + 4*i. Let m = s + -71. What is the highest common factor of m and 19?
19
Let d(a) = a**2 - 6*a + 2. Let q be d(6). Suppose 5*z = q + 258. Calculate the highest common factor of 13 and z.
13
Let t(h) = h**2 + 3*h - 6. Let n be t(-5). Suppose 4*x - 96 = x. What is the highest common divisor of n and x?
4
Let c(n) = -n + 124. Let i be c(40). Calculate the highest common factor of i and 112.
28
Let g = 14 + -10. Suppose z + 4*m - 15 = -m, g*z = 5*m - 15. Suppose z = 5*h - 3*h - 16. Calculate the highest common factor of h and 8.
8
Let j be (126/(-35))/((-6)/105). What is the highest common factor of 1113 and j?
21
Suppose -119 = -5*o - 4*w, 2*o - 66 = 2*w + w. Suppose -7*j - o = -10*j. What is the highest common factor of 63 and j?
9
Suppose 0 = -2*i + 2*o + 4140, 3*i + o = 2277 + 3949. What is the greatest common divisor of 244 and i?
122
Suppose p + 80 = 2*p + x, -x = 0. Let c = p - -52. What is the highest common divisor of 33 and c?
33
Suppose l - 12 = -l. Let i be (l/8)/((-2)/(-176)). Let c = i + -47. Calculate the greatest common divisor of 133 and c.
19
Let w = 3529 + -2635. What is the greatest common factor of 6 and w?
6
Suppose -5*v + 453 = 443. Calculate the greatest common factor of v and 10.
2
Let w be 8/36*-3 - 1616/(-12). Suppose -5*s + 4*h = -w, 0 = 2*h - 4*h - 2. What is the highest common divisor of 2 and s?
2
Let l(w) = -4*w**3 - w**2. Let a be l(-1). Let r = 27 - a. Let f = 147 - 87. What is the highest common divisor of r and f?
12
Let j be (-9 - -3)/(-12)*10. Let v(p) = 15*p**2 - p - 2. Let y be v(-4). Suppose j*f - y = 343. Calculate the highest common factor of f and 13.
13
Suppose -8*y + 5*y = -351. What is the highest common factor of y and 13?
13
Let t = -1 - -96. Calculate the greatest common factor of 57 and t.
19
Let x = -157 - -84. Let o = x + 78. Let t be (-6)/(-12) - (-158)/4. Calculate the greatest common factor of t and o.
5
Suppose -7*p = -2*p - 410. Suppose 3*x - 458 = p. Let q = -5 - -25. Calculate the greatest common factor of x and q.
20
Suppose 2 - 18 = -2*l. Let u = l 